{"id":65,"date":"2019-11-21T12:20:52","date_gmt":"2019-11-21T12:20:52","guid":{"rendered":"http:\/\/wobafewo.de\/?page_id=65"},"modified":"2023-07-03T06:51:05","modified_gmt":"2023-07-03T06:51:05","slug":"allgemeines","status":"publish","type":"page","link":"http:\/\/wobafewo.de\/?page_id=65","title":{"rendered":"allgemeines"},"content":{"rendered":"\n<p>Unsere ca. 54 qm gro\u00dfe Ferienwohnung liegt in ruhiger Umgebung in einem Wohngebiet. Dennoch sind die bekannten Attraktionen Oberhausens wie das CentrO oder der Gasometer, die Arena nur 10 Minuten mit dem Auto entfernt. Direkt vor unserer T\u00fcr kann problemlos und kostenfrei geparkt werden. Nat\u00fcrlich k\u00f6nnen Sie auch leicht die wichtigen Ziele in Oberhausen mit dem \u00f6ffentlichen Nahverkehr erreichen. Die n\u00e4chste Haltestelle ist nur 150 m entfernt.<\/p>\n\n\n\n<p>Wir bieten: schnelles, kostenloses und unbegrenztes Internet, eigenen WLAN-Sender mit bis zu 500 Mbit\/s Downloadgeschwindigkeit, 1m Flachbildschirmfernseher mit 24 HD und fast 100 Normalsendern des Kabelfernsehens sowie kleine Stereoanlagen in K\u00fcche und Wohnzimmer.<\/p>\n\n\n\n<p>Die Wohnung setzt sich zusammen aus Wohn- und Esszimmer, K\u00fcche, Bad\/WC, Schlafzimmer im EG und OG. Im EG steht ein Doppelbett von 1,60m Breite zur Verf\u00fcgung und im OG gibt es ein zweites Schlafzimmer mit Einzelbett. Wir stellen Ihnen die f\u00fcr die Personenzahl ben\u00f6tigte Bettw\u00e4sche und Handt\u00fccher zur Verf\u00fcgung.<\/p>\n\n\n\n<p>Unsere Wohnung ist eine reine Nichtraucherwohnung, 3 Rauchmelder sorgen f\u00fcr Ihre Sicherheit. Raucher k\u00f6nnen im Aussenbereich eine Sitzgelegenheit mit Bank und Tisch nutzen. Hier k\u00f6nnen Sie auch einen selbstmitgebrachten Holzkohlegrill einsetzen. Die Wohnung ist leider nicht barrierefrei. Wir freuen uns gleichermassen auf touristische G\u00e4ste wie auch auf Handwerker und Montagereisende. Die maximale Belegung ist mit drei Personen erreicht. Wir bitten Sie, das Mitbringen von Haustieren vorher bei uns telefonisch anzufragen.<\/p>\n\n\n\n<p><\/p>\n","protected":false},"excerpt":{"rendered":"<p>Unsere ca. 54 qm gro\u00dfe Ferienwohnung liegt in ruhiger Umgebung in einem Wohngebiet. Dennoch sind die bekannten Attraktionen Oberhausens wie das CentrO oder der Gasometer, die Arena nur 10 Minuten mit dem Auto entfernt. Direkt vor unserer T\u00fcr kann problemlos &hellip; <a href=\"http:\/\/wobafewo.de\/?page_id=65\">Weiterlesen <span class=\"meta-nav\">&rarr;<\/span><\/a><\/p>\n","protected":false},"author":1,"featured_media":0,"parent":0,"menu_order":1,"comment_status":"closed","ping_status":"closed","template":"","meta":{"footnotes":""},"_links":{"self":[{"href":"http:\/\/wobafewo.de\/index.php?rest_route=\/wp\/v2\/pages\/65"}],"collection":[{"href":"http:\/\/wobafewo.de\/index.php?rest_route=\/wp\/v2\/pages"}],"about":[{"href":"http:\/\/wobafewo.de\/index.php?rest_route=\/wp\/v2\/types\/page"}],"author":[{"embeddable":true,"href":"http:\/\/wobafewo.de\/index.php?rest_route=\/wp\/v2\/users\/1"}],"replies":[{"embeddable":true,"href":"http:\/\/wobafewo.de\/index.php?rest_route=%2Fwp%2Fv2%2Fcomments&post=65"}],"version-history":[{"count":21,"href":"http:\/\/wobafewo.de\/index.php?rest_route=\/wp\/v2\/pages\/65\/revisions"}],"predecessor-version":[{"id":193,"href":"http:\/\/wobafewo.de\/index.php?rest_route=\/wp\/v2\/pages\/65\/revisions\/193"}],"wp:attachment":[{"href":"http:\/\/wobafewo.de\/index.php?rest_route=%2Fwp%2Fv2%2Fmedia&parent=65"}],"curies":[{"name":"wp","href":"https:\/\/api.w.org\/{rel}","templated":true}]}}