{"id":11,"date":"2019-11-21T10:33:35","date_gmt":"2019-11-21T10:33:35","guid":{"rendered":"http:\/\/wobafewo.de\/?page_id=11"},"modified":"2022-10-04T08:41:25","modified_gmt":"2022-10-04T08:41:25","slug":"startseite","status":"publish","type":"page","link":"http:\/\/wobafewo.de\/","title":{"rendered":"startseite"},"content":{"rendered":"\n<p>Willkommen auf unserer Webseite Ferienwohnung Baars<\/p>\n\n\n\n<p>Wir m\u00f6chten Sie \u00fcber unsere liebevoll eingerichtete Ferienwohnung informieren, Ihnen Bilder zeigen und alle Details ver\u00f6ffentlichen, wie sie ausgestattet ist. Dar\u00fcber hinaus erfahren Sie auf dieser Webseite die Preise und die Buchungsm\u00f6glichkeiten.<\/p>\n\n\n\n<figure class=\"wp-block-image size-large\"><img loading=\"lazy\" decoding=\"async\" width=\"1024\" height=\"769\" src=\"http:\/\/wobafewo.de\/wp-content\/uploads\/2019\/11\/P1020193-1024x769.jpg\" alt=\"\" class=\"wp-image-36\" srcset=\"http:\/\/wobafewo.de\/wp-content\/uploads\/2019\/11\/P1020193-1024x769.jpg 1024w, http:\/\/wobafewo.de\/wp-content\/uploads\/2019\/11\/P1020193-300x225.jpg 300w, http:\/\/wobafewo.de\/wp-content\/uploads\/2019\/11\/P1020193-768x577.jpg 768w, http:\/\/wobafewo.de\/wp-content\/uploads\/2019\/11\/P1020193-400x300.jpg 400w\" sizes=\"(max-width: 1024px) 100vw, 1024px\" \/><\/figure>\n\n\n\n<p class=\"has-text-align-center\"><a href=\"http:\/\/wobafewo.de\/wp-login.php\">Anmelden<\/a><\/p>\n\n\n\n<p class=\"has-text-align-center\"><a href=\"http:\/\/wobafewo.de\/?page_id=8\">Impressum und Datenschutzerkl\u00e4rung<\/a><\/p>\n","protected":false},"excerpt":{"rendered":"<p>Willkommen auf unserer Webseite Ferienwohnung Baars Wir m\u00f6chten Sie \u00fcber unsere liebevoll eingerichtete Ferienwohnung informieren, Ihnen Bilder zeigen und alle Details ver\u00f6ffentlichen, wie sie ausgestattet ist. Dar\u00fcber hinaus erfahren Sie auf dieser Webseite die Preise und die Buchungsm\u00f6glichkeiten. Anmelden Impressum &hellip; <a href=\"http:\/\/wobafewo.de\/\">Weiterlesen <span class=\"meta-nav\">&rarr;<\/span><\/a><\/p>\n","protected":false},"author":1,"featured_media":0,"parent":0,"menu_order":0,"comment_status":"closed","ping_status":"closed","template":"","meta":{"footnotes":""},"_links":{"self":[{"href":"http:\/\/wobafewo.de\/index.php?rest_route=\/wp\/v2\/pages\/11"}],"collection":[{"href":"http:\/\/wobafewo.de\/index.php?rest_route=\/wp\/v2\/pages"}],"about":[{"href":"http:\/\/wobafewo.de\/index.php?rest_route=\/wp\/v2\/types\/page"}],"author":[{"embeddable":true,"href":"http:\/\/wobafewo.de\/index.php?rest_route=\/wp\/v2\/users\/1"}],"replies":[{"embeddable":true,"href":"http:\/\/wobafewo.de\/index.php?rest_route=%2Fwp%2Fv2%2Fcomments&post=11"}],"version-history":[{"count":15,"href":"http:\/\/wobafewo.de\/index.php?rest_route=\/wp\/v2\/pages\/11\/revisions"}],"predecessor-version":[{"id":191,"href":"http:\/\/wobafewo.de\/index.php?rest_route=\/wp\/v2\/pages\/11\/revisions\/191"}],"wp:attachment":[{"href":"http:\/\/wobafewo.de\/index.php?rest_route=%2Fwp%2Fv2%2Fmedia&parent=11"}],"curies":[{"name":"wp","href":"https:\/\/api.w.org\/{rel}","templated":true}]}}